{"id":535,"date":"2017-05-26T13:30:20","date_gmt":"2017-05-26T11:30:20","guid":{"rendered":"http:\/\/blog.sv-gruibingen1906.de\/?page_id=535"},"modified":"2024-05-10T14:19:42","modified_gmt":"2024-05-10T12:19:42","slug":"infothek","status":"publish","type":"page","link":"https:\/\/www.sv-gruibingen1906.de\/?page_id=535","title":{"rendered":"Infothek"},"content":{"rendered":"<p><script language=\"JavaScript\" src=\"http:\/\/www.begann.de\/uhren\/uhr28.js\"><\/script><br \/>\nHier findet Ihr die Anfahrt zum Sch\u00fctzenhaus, Hinweise f\u00fcr unseren Blog sowie allerlei Tipps und Links f\u00fcr das Training, Wettkampf, Waffenrecht &nbsp;und sonstige n\u00fctzliche Informationen.<\/p>\n<p><u>Sicherheit im Internet\/IT-Sicherheit<\/u><\/p>\n<p>Auch f\u00fcr Sch\u00fctzen und alle anderen Internetnutzer wichtig &#8211; Sicherheit im Internet\/IT-Sicherheit allgemein! Auf folgender Homepage findet Ihr Tipps zur IT-Sicherheit:<br \/>\n<a href=\"https:\/\/www.bsi.bund.de\/DE\/Themen\/Verbraucherinnen-und-Verbraucher\/verbraucherinnen-und-verbraucher_node.html\" target=\"_blank\" rel=\"noopener noreferrer\"><span style=\"color: #0055ff;\">www.bsi-fuer-buerger.de<\/span><\/a> (Quelle: Bundesamt f\u00fcr Sicherheit in der Informationstechnik)<\/p>\n","protected":false},"excerpt":{"rendered":"<p>Hier findet Ihr die Anfahrt zum Sch\u00fctzenhaus, Hinweise f\u00fcr unseren Blog sowie allerlei Tipps und Links f\u00fcr das Training, Wettkampf, Waffenrecht &nbsp;und sonstige n\u00fctzliche Informationen. Sicherheit im Internet\/IT-Sicherheit Auch f\u00fcr Sch\u00fctzen und alle anderen Internetnutzer wichtig &#8211; Sicherheit im Internet\/IT-Sicherheit allgemein! Auf folgender Homepage findet Ihr Tipps zur IT-Sicherheit: www.bsi-fuer-buerger.de (Quelle: Bundesamt f\u00fcr Sicherheit in [&hellip;]<\/p>\n","protected":false},"author":2,"featured_media":0,"parent":0,"menu_order":0,"comment_status":"closed","ping_status":"closed","template":"","meta":{"ngg_post_thumbnail":0,"footnotes":""},"class_list":["post-535","page","type-page","status-publish","hentry"],"_links":{"self":[{"href":"https:\/\/www.sv-gruibingen1906.de\/index.php?rest_route=\/wp\/v2\/pages\/535","targetHints":{"allow":["GET"]}}],"collection":[{"href":"https:\/\/www.sv-gruibingen1906.de\/index.php?rest_route=\/wp\/v2\/pages"}],"about":[{"href":"https:\/\/www.sv-gruibingen1906.de\/index.php?rest_route=\/wp\/v2\/types\/page"}],"author":[{"embeddable":true,"href":"https:\/\/www.sv-gruibingen1906.de\/index.php?rest_route=\/wp\/v2\/users\/2"}],"replies":[{"embeddable":true,"href":"https:\/\/www.sv-gruibingen1906.de\/index.php?rest_route=%2Fwp%2Fv2%2Fcomments&post=535"}],"version-history":[{"count":9,"href":"https:\/\/www.sv-gruibingen1906.de\/index.php?rest_route=\/wp\/v2\/pages\/535\/revisions"}],"predecessor-version":[{"id":2676,"href":"https:\/\/www.sv-gruibingen1906.de\/index.php?rest_route=\/wp\/v2\/pages\/535\/revisions\/2676"}],"wp:attachment":[{"href":"https:\/\/www.sv-gruibingen1906.de\/index.php?rest_route=%2Fwp%2Fv2%2Fmedia&parent=535"}],"curies":[{"name":"wp","href":"https:\/\/api.w.org\/{rel}","templated":true}]}}