{"id":504,"date":"2017-05-26T12:18:37","date_gmt":"2017-05-26T10:18:37","guid":{"rendered":"http:\/\/blog.sv-gruibingen1906.de\/?page_id=504"},"modified":"2019-05-05T13:50:35","modified_gmt":"2019-05-05T11:50:35","slug":"schiessbetrieb","status":"publish","type":"page","link":"https:\/\/www.sv-gruibingen1906.de\/?page_id=504","title":{"rendered":"Schie\u00dfbetrieb"},"content":{"rendered":"<h2><span style=\"text-decoration: underline;\"><span style=\"color: #339966; text-decoration: underline;\">Gewehrschie\u00dfen<\/span><\/span><\/h2>\n<div id=\"attachment_505\" style=\"width: 310px\" class=\"wp-caption alignright\"><img loading=\"lazy\" decoding=\"async\" aria-describedby=\"caption-attachment-505\" class=\"wp-image-505 size-medium\" src=\"https:\/\/www.sv-gruibingen1906.de\/wp-content\/uploads\/2017\/05\/LG_Schiessen-300x262.jpg\" alt=\"\" width=\"300\" height=\"262\"><p id=\"caption-attachment-505\" class=\"wp-caption-text\">Gewehrsch\u00fctzen bei Meisterschaften<\/p><\/div>\n<p style=\"text-align: justify;\">Sportliches Gewehrschie\u00dfen kann man in verschiedenen Formen betreiben. Zum einen unterscheiden sich die Waffen nach ihren verschiedenen Kalibern, bzw. der Art, wie sie die Kugel ins Ziel bringen, zum anderen wird in unterschiedlichen Anschlagsarten geschossen.<\/p>\n<p style=\"text-align: justify;\">Die g\u00e4ngigsten Gewehrarten, mit denen im SV Gruibingen Wettk\u00e4mpfe ausgetragen werden, sind:<\/p>\n<p style=\"padding-left: 30px;\">Luftgewehr<br \/>\nKleinkalibergewehr<\/p>\n<hr>\n<h2><span style=\"text-decoration: underline;\"><span style=\"color: #339966; text-decoration: underline;\">Pistolenschie\u00dfen<\/span><\/span><\/h2>\n<p style=\"text-align: justify;\">Das Pistolenschie\u00dfen ist eine der schwierigeren Disziplinen beim Sportschie\u00dfen. Wettk\u00e4mpfe auf nationaler und internationaler Ebene werden vor allem mit<\/p>\n<div id=\"attachment_456\" style=\"width: 310px\" class=\"wp-caption alignleft\"><img loading=\"lazy\" decoding=\"async\" aria-describedby=\"caption-attachment-456\" class=\"wp-image-456 size-medium\" src=\"https:\/\/www.sv-gruibingen1906.de\/wp-content\/uploads\/2017\/05\/1489349-300x144.jpg\" alt=\"\" width=\"300\" height=\"144\"><p id=\"caption-attachment-456\" class=\"wp-caption-text\">Sportpistole<\/p><\/div>\n<p>der Luftpistole<br \/>\nder Sportpistole<br \/>\nder Freien Pistole und<br \/>\nder Olympischen Schnellfeuerpistole ausgetragen.<\/p>\n<p style=\"text-align: justify;\">Der Anschlag hat mit dem, aus Film und Fernsehen bekannten Schie\u00dfen, fast nichts gemeinsam. Der Sch\u00fctze steht nicht frontal zu Scheibe, sondern etwas seitlich gedreht und h\u00e4lt die Pistole mit ausgestrecktem Arm und mit nur einer Hand. Dies verlangt dem Sch\u00fctzen eine spezielle Kondition ab, um die Waffe m\u00f6glichst ruhig halten zu k\u00f6nnen. Au\u00dferdem muss ein guter Sch\u00fctze \u00fcber eine ausgefeilte Technik verf\u00fcgen, denn um den Abzug auszul\u00f6sen, muss ein Gewicht von mindestens 500 g \u00fcberwunden werden, was es nicht gerade einfach macht, die Pistole ruhig und sauber im Ziel zu halten.<\/p>\n","protected":false},"excerpt":{"rendered":"<p>Gewehrschie\u00dfen Sportliches Gewehrschie\u00dfen kann man in verschiedenen Formen betreiben. Zum einen unterscheiden sich die Waffen nach ihren verschiedenen Kalibern, bzw. der Art, wie sie die Kugel ins Ziel bringen, zum anderen wird in unterschiedlichen Anschlagsarten geschossen. Die g\u00e4ngigsten Gewehrarten, mit denen im SV Gruibingen Wettk\u00e4mpfe ausgetragen werden, sind: Luftgewehr Kleinkalibergewehr Pistolenschie\u00dfen Das Pistolenschie\u00dfen ist eine [&hellip;]<\/p>\n","protected":false},"author":2,"featured_media":0,"parent":0,"menu_order":0,"comment_status":"closed","ping_status":"closed","template":"","meta":{"ngg_post_thumbnail":0,"footnotes":""},"class_list":["post-504","page","type-page","status-publish","hentry"],"_links":{"self":[{"href":"https:\/\/www.sv-gruibingen1906.de\/index.php?rest_route=\/wp\/v2\/pages\/504","targetHints":{"allow":["GET"]}}],"collection":[{"href":"https:\/\/www.sv-gruibingen1906.de\/index.php?rest_route=\/wp\/v2\/pages"}],"about":[{"href":"https:\/\/www.sv-gruibingen1906.de\/index.php?rest_route=\/wp\/v2\/types\/page"}],"author":[{"embeddable":true,"href":"https:\/\/www.sv-gruibingen1906.de\/index.php?rest_route=\/wp\/v2\/users\/2"}],"replies":[{"embeddable":true,"href":"https:\/\/www.sv-gruibingen1906.de\/index.php?rest_route=%2Fwp%2Fv2%2Fcomments&post=504"}],"version-history":[{"count":3,"href":"https:\/\/www.sv-gruibingen1906.de\/index.php?rest_route=\/wp\/v2\/pages\/504\/revisions"}],"predecessor-version":[{"id":1720,"href":"https:\/\/www.sv-gruibingen1906.de\/index.php?rest_route=\/wp\/v2\/pages\/504\/revisions\/1720"}],"wp:attachment":[{"href":"https:\/\/www.sv-gruibingen1906.de\/index.php?rest_route=%2Fwp%2Fv2%2Fmedia&parent=504"}],"curies":[{"name":"wp","href":"https:\/\/api.w.org\/{rel}","templated":true}]}}